u**3 + 5*u**2 - 9*u - 5. Determine x(-6).
13
Let o(r) = -r - 5. Determine o(0).
-5
Let s(f) = f**3 - f**2 - 2*f + 10. What is s(0)?
10
Let a(d) = -d**2 + 10*d - 17. What is a(10)?
-17
Let h(s) = -s**3 + 10*s**2 + 23*s + 6. Determine h(12).
-6
Let w(r) = r**3 + 8*r**2 - 3*r - 18. Give w(-8).
6
Let a(k) = k**3 - 10*k**2 + 7*k - 10. Determine a(10).
60
Let q(r) = -6*r**2 + 13*r - 31. Determine q(3).
-46
Let v(h) = -h**2 - 22*h + 61. Calculate v(-25).
-14
Let x(w) = 3*w**2 + 5*w + 1. Give x(3).
43
Let o(w) = -w**2 - 13*w - 57. Give o(-7).
-15
Let t(y) = y**3 - 9*y**2 - 21*y - 4. What is t(11)?
7
Let k(u) = -2*u**2 + 11*u - 14. What is k(4)?
-2
Let x(z) = 7*z + 77. Give x(-10).
7
Let j(a) = -a**3 + 26*a**2 - 48*a + 12. Determine j(24).
12
Let a(o) = o**3 - 7*o**2 - 7*o. Determine a(8).
8
Let f(y) = -y**2 - 8*y + 135. Determine f(8).
7
Let p(k) = 31*k - 100. What is p(3)?
-7
Let q(h) = 18*h - 76. What is q(4)?
-4
Let m(g) = -g**3 + g**2 + g - 27. Determine m(0).
-27
Let f(p) = -p**3 + 3*p**2 - p - 2. Calculate f(3).
-5
Let j(v) = v**3 + 10*v**2 + 11*v - 16. Give j(-9).
-34
Let k(p) = p**2 + 11*p - 8. Determine k(-12).
4
Let o(z) = -5*z**2 - 4*z + 1. Determine o(3).
-56
Let b(p) = p**3 - 17*p**2 - 17*p - 21. Give b(18).
-3
Let z(c) = c**3 - 11*c**2 + c - 7. Give z(11).
4
Let a(t) = -18*t + 373. Determine a(20).
13
Let y(q) = -8*q**2 + 21*q - 9. Determine y(6).
-171
Let m(l) = -l**3 + 5*l**2 + 9*l - 33. Calculate m(3).
12
Let l(k) = -26*k + 29. What is l(3)?
-49
Let j(h) = h + 13. What is j(-7)?
6
Let b(v) = v**3 + 4*v**2 + 8*v + 8. Give b(-2).
0
Let a(r) = r**3 + 7*r**2 + 7*r + 3. Determine a(-5).
18
Let z(w) = 7*w + 72. Determine z(-10).
2
Let z(x) = -x**3 - x**2 + 26*x + 40. What is z(-2)?
-8
Let i(w) = -w**3 - 10*w**2 + 10*w - 11. Determine i(-11).
0
Let t(p) = -p**3 + 2*p**2 + 5*p - 4. Give t(3).
2
Let b(c) = -2*c + 12. Calculate b(6).
0
Let b(q) = -23*q**3 + q**2 + 2*q + 1. Give b(-1).
23
Let l(x) = 4*x + 11. What is l(-2)?
3
Let g(z) = z**3 - 4*z**2 + 4*z + 6. Determine g(3).
9
Let c(s) = 2*s**3 + 19*s**2 - 36*s + 24. Calculate c(-11).
57
Let d(p) = -p + 6. Give d(2).
4
Let s(f) = -4*f - 11. What is s(-6)?
13
Let h(n) = -n**3 - 10*n**2 + 4*n + 35. What is h(-10)?
-5
Let i(y) = -6*y**2 + 3*y - 1. What is i(3)?
-46
Let d(l) = l**2 - 18*l + 32. What is d(10)?
-48
Let b(u) = -u**2 + 18*u - 36. Determine b(10).
44
Let s(x) = x**3 - 4*x**2 + 6*x - 2. Determine s(4).
22
Let n(s) = 39*s + 226. Give n(-6).
-8
Let k(n) = -3*n**3 - n**2 + 6*n - 1. Calculate k(2).
-17
Let u(a) = a**3 + 12*a**2 - 1. What is u(-12)?
-1
Let p(m) = -m**3 + 10*m**2 + 11*m - 8. Determine p(11).
-8
Let u(i) = -5*i**2 + 6*i - 3. Determine u(5).
-98
Let d(c) = -2*c - 1. Give d(-6).
11
Let t(c) = -8*c**2 - 39*c + 40. Calculate t(1).
-7
Let n(p) = -2*p**2 + 7*p + 39. Determine n(6).
9
Let s(p) = -p**3 + 5*p**2 - 33. What is s(0)?
-33
Let z(b) = -b**3 + 3*b**2 + 6*b + 7. Give z(5).
-13
Let d(a) = 2*a**2 + 39*a + 62. Give d(-18).
8
Let x(a) = -a**3 + 5*a**2 + 11*a + 17. What is x(-2)?
23
Let a(x) = 8*x**2 + 14*x + 3. Determine a(-4).
75
Let m(a) = -2*a**3 + 6*a**2 + 9*a - 10. What is m(5)?
-65
Let n(p) = -p**3 - p - 15. Determine n(0).
-15
Let b(x) = -x**2 - 10*x + 1. Give b(-7).
22
Let d(g) = -3*g**2 + 42*g + 11. What is d(14)?
11
Let m(n) = -3*n**3 - n**2 - 3*n - 2. Give m(-1).
3
Let i(a) = 2*a**3 - 5*a**2 + 4*a + 2. Give i(2).
6
Let b(g) = g**3 + 5*g**2 + 5. Give b(-5).
5
Let p(z) = -17*z - 195. Determine p(-11).
-8
Let s(h) = 2*h**2 - 6*h + 5. What is s(3)?
5
Let y(s) = -2*s**2 - 14*s - 11. Give y(-6).
1
Let r(s) = -s**3 + 14*s**2 - 48*s + 8. Calculate r(6).
8
Let g(p) = p**3 + 8*p**2 - 13*p - 20. Calculate g(-9).
16
Let l(r) = -r + 5. Determine l(-3).
8
Let y(x) = -x**3 - 34*x**2 - 2*x - 63. Calculate y(-34).
5
Let k(j) = -2*j + 19. Calculate k(6).
7
Let o(b) = b**3 + 9*b**2 + 5*b - 12. Calculate o(-8).
12
Let i(g) = -g**2 + 12*g - 33. Calculate i(9).
-6
Let w(r) = -9*r - 4. What is w(-2)?
14
Let k(a) = 3*a + 11. Give k(-5).
-4
Let y(s) = -6*s + 49. Give y(9).
-5
Let y(p) = p**3 + 3*p**2 + 7*p + 7. Calculate y(-3).
-14
Let o(x) = 4*x - 12. Give o(5).
8
Let z(y) = 6*y**2 + 3*y - 2. What is z(1)?
7
Let z(n) = -n**3 + 10*n**2 - 28*n + 15. What is z(7)?
-34
Let w(f) = f + 7. Give w(0).
7
Let y(b) = 7*b + 64. Determine y(-9).
1
Let d(u) = -u**3 + 4*u**2 - 2*u - 2. Determine d(3).
1
Let n(z) = -2*z**2 - 10*z + 2. Calculate n(-5).
2
Let f(v) = v - 1. What is f(-3)?
-4
Let z(p) = 8*p. Give z(3).
24
Let h(m) = -m**2 + 9*m + 30. Determine h(12).
-6
Let a(z) = -z**3 - 7*z**2 - 6*z + 3. Give a(-5).
-17
Let p(k) = k**3 + 8*k**2 + 6*k + 3. What is p(-4)?
43
Let x(j) = 15*j**2 - 2. Determine x(-1).
13
Let s(y) = y**3 - 10*y**2 + 13*y - 5. What is s(9)?
31
Let z(m) = m**3 + 23*m**2 + 23*m - 10. Calculate z(-22).
-32
Let n(h) = 5*h. Calculate n(8).
40
Let j(r) = -r**2 - 26*r - 75. Determine j(-11).
90
Let g(t) = -2*t**3 + 44*t**2 + 5*t - 101. Determine g(22).
9
Let x(i) = -i - 1. Determine x(-4).
3
Let w(g) = 2*g**2 - 36*g - 1. Determine w(18).
-1
Let l(t) = -3*t + 6. Determine l(4).
-6
Let b(c) = c**2 + 11*c - 2. Give b(-6).
-32
Let w(x) = x**2 + 11*x + 30. Determine w(-7).
2
Let s(b) = b**2 + 8*b - 40. What is s(4)?
8
Let y(t) = t**2 - 15*t + 73. What is y(11)?
29
Let k(y) = 12*y + 63. What is k(-7)?
-21
Let u(r) = -8*r - 7. Calculate u(8).
-71
Let d(s) = s**2 - 7*s - 17. Give d(8).
-9
Let k(r) = r - 9. Determine k(9).
0
Let z(x) = -21*x - 1. What is z(7)?
-148
Let x(k) = k**2 + k + 1. Give x(0).
1
Let w(p) = -p**3 - 13*p**2 - 24*p - 22. Determine w(-11).
0
Let z(i) = 2*i - 23. Determine z(-16).
-55
Let a(o) = o**3 + 3*o**2 + 2*o - 4. Determine a(-3).
-10
Let c(d) = d**3 + 5*d**2 - 3*d - 6. Calculate c(-5).
9
Let f(y) = -3*y + 22. Determine f(10).
-8
Let o(p) = 6*p**2 + 2*p - 4. Give o(0).
-4
Let u(z) = z**3 + 11*z**2 + 9*z + 13. Give u(-10).
23
Let y(i) = 2*i**3 + 11*i**2 - 40*i - 5. Give y(-8).
-5
Let u(p) = p**3 + 31*p**2 + 57*p - 52. Calculate u(-29).
-23
Let k(z) = 9*z**2 - 4*z + 3. Determine k(3).
72
Let r(j) = j**2 + 17*j + 15. Give r(-14).
-27
Let b(k) = -k - 1. Calculate b(-6).
5
Let j(f) = -f**3 - f**2 - 3*f - 4. Give j(-2).
6
Let k(j) = 2*j**3 - 4*j**2 + j - 7. What is k(3)?
14
Let l(d) = -22*d - 39. Determine l(-4).
49
Let n(p) = -11*p - 67. Determine n(-7).
10
Let z(x) = -x + 6. Calculate z(3).
3
Let x(b) = -3*b**3 - 11*b**2 + 7*b + 5. Give x(-6).
215
Let q(f) = -f**3 - 12*f**2 - 6*f + 58. Calculate q(-11).
3
Let c(v) = -2*v**3 + 23*v**2 + 13*v - 14. What is c(12)?
-2
Let l(j) = j**2 - 14*j + 9. What is l(13)?
-4
Let c(q) = -q**3 + 7*q**2 + q - 3. Determine c(8).
-59
Let c(q) = q**3 + 8*q**2 + 9*q + 6. Give c(-7).
-8
Let k(x) = 4*x + 60. Give k(0).
60
Let w(q) = -q**3 + 5*q**2 - 4*q - 2. Determine w(3).
4
Let k(r) = r**2 - 13*r - 5. Determine k(12).
-17
Let t(c) = c**3 + 16*c**2 + 10*c - 13. Give t(-15).
62
Let a(f) = 6*f - 172. Calculate a(31).
14
Let i(z) = z**3 + 24*z**2 + 24*z + 35. Calculate i(-23).
12
Let l(z) = 2*z**3 + 2*z**2 + 2*z - 2. What is l(2)?
26
Let q(j) = -5*j + 11. What is q(-6)?
41
Let a(y) = y**3 - 12*y**2 + 11*y - 34. What is a(11)?
-34
Let q(c) = c**3 - 11*c**2 + 19*c - 20. Calculate q(9).
-11
Let y(n) = n**3 + 14*n**2 - 31*n + 13. Calculate y(-16).
-3
Let l(g) = -19*g - 248. Calculate l(-12).
-20
Let m(c) = 5*c - 5. Determine m(-4).
-25
Let b(a) = 2*a**3 + 3*a**2 + 4*a + 2. What is b(-2)?
-10
Let r(j) = -99*j - 6. Calculate r(-1).
93
Let b(z) = z**3 + 11*z**2 - 349*z + 28. Calculate b(-25).
3
Let z(p) = 5*p. Determine z(-5).
-25
Let d(q) = -q + 6. Calculate d(0).
6
Let l(b) = -5*b**2 - 4. Calculate l(-3).
-49
Let z(h) = -h**3 + 10*h**2 - 2*h - 6. Give z(10).
-26
Let m(g) = g + 14. Calculate m(-9).
5
Let x(v) = 2*v**2 + 16*v - 5. Determine x(-13).
125
Let c(v) = -v**2 + 3*v - 3. Determine c(5).
-13
Let z(p) = -p - 13. Determine z(-6).
-7
Let p(i) = i + 42. Determine p(-14).
28
Let p(h) = 3*h - 26. Give p(16).
22
Let l(i) = -i**3 + 5*i**2 - 3*i + 3. What is l(3)?
12
Let h(l) = -l**3 - 10*l**2 + l + 9. What is h(-10)?
-1
Let x(c) = c**2 + 5*c - 6. Calculate x(-5).
-6
Let o(a) = -a**3 - 35*a**2 - 67*a - 24. What is o(-33)?
9
Let l(w) = w**2 - 29*w + 130. Give l(22).
-24
Let g(u) = 39*u - 101. Calculate g(3).
16
Let o(j) = j**2 + 5*j - 7. Give o(-6).
-1
Let z(